et l(a) = 52*a - 2588. What is l(50)?
12
Let q(d) = -204*d + 28570. Determine q(140).
10
Let g(s) = 91*s + 3552. Give g(-39).
3
Let w(h) = h**3 - 29*h**2 - 44*h - 11. Calculate w(31).
547
Let r(d) = -33*d - 726. What is r(-18)?
-132
Let l(u) = 5*u**3 - 802*u**2 - 1296*u + 30. What is l(162)?
30
Let z(n) = -16*n - 68. What is z(-6)?
28
Let r(b) = -61*b - 660. What is r(-11)?
11
Let b(h) = -336*h - 10429. Calculate b(-31).
-13
Let f(t) = -t**2 - 20*t + 62. Give f(-25).
-63
Let a(j) = -5*j**3 - 383*j**2 - 227*j + 14. Determine a(-76).
-62
Let p(c) = -304*c - 1416. Calculate p(-4).
-200
Let l(r) = -r**3 - 33*r**2 + 54*r + 710. Determine l(-34).
30
Let s(p) = p**3 - 435*p**2 - 13454*p + 56. Determine s(-29).
-2
Let p(v) = v**3 - 14*v**2 - 176*v + 76. Calculate p(22).
76
Let s(f) = 56*f - 5029. Calculate s(90).
11
Let i(h) = -86*h - 874. Give i(-10).
-14
Let m(x) = -3*x**2 + 32*x + 28. Give m(-1).
-7
Let f(o) = -7*o**2 + 106*o + 70. Give f(17).
-151
Let h(x) = 444*x + 3544. Determine h(-8).
-8
Let u(q) = -10*q**2 + 146*q + 88. What is u(13)?
296
Let n(x) = x**3 + 107*x**2 + 2729*x - 68. Calculate n(-65).
-3
Let c(a) = 129*a**2 - 1455*a + 394. Calculate c(11).
-2
Let a(x) = -x**2 + 32*x + 312. Give a(-8).
-8
Let x(r) = -235*r + 2346. Determine x(10).
-4
Let i(n) = -87*n**2 - 611*n - 12. Determine i(-7).
2
Let a(f) = -f**3 + 11*f**2 - 18*f + 8. Determine a(2).
8
Let a(h) = -73*h + 4240. Determine a(58).
6
Let r(m) = -152*m - 1310. Give r(-9).
58
Let f(d) = 517*d - 123558. Give f(239).
5
Let i(d) = -d**2 + 10*d + 2. Calculate i(2).
18
Let c(v) = v**3 - 137*v**2 + 404*v - 278. Give c(134).
-10
Let r(p) = 2*p**2 - 38*p - 109. Give r(25).
191
Let h(j) = -2*j**3 + 10*j**2 + 210*j + 11. Give h(-8).
-5
Let f(c) = 153*c + 1685. Give f(-11).
2
Let g(k) = k**3 - 72*k**2 - 70*k - 194. Calculate g(73).
25
Let f(i) = 3*i**2 + 162*i - 348. Determine f(-56).
-12
Let q(j) = j**3 - 12*j**2 - 69*j + 877. Determine q(11).
-3
Let c(i) = -7*i - 374. What is c(-50)?
-24
Let i(u) = -37*u**2 - 27*u + 17. Determine i(-3).
-235
Let o(a) = -39*a - 3227. Give o(-83).
10
Let u(r) = -3*r**3 + 4*r**2 - 16*r + 12. Calculate u(4).
-180
Let d(n) = -n**3 - 16*n**2 + 7*n + 12. What is d(-2)?
-58
Let c(m) = m**2 - 22*m - 38. Calculate c(22).
-38
Let n(w) = 11*w**2 + 65*w + 639. Give n(-10).
1089
Let d(y) = y**2 + 27*y - 203. Calculate d(-33).
-5
Let p(j) = 8*j**2 + 59*j + 112. Give p(-2).
26
Let l(q) = -613*q - 1222. Give l(-2).
4
Let q(m) = -3*m**2 + 12*m + 2169. Calculate q(-25).
-6
Let m(l) = -31*l + 1297. What is m(42)?
-5
Let p(j) = -j**3 + 10*j**2 - 2*j - 10. Give p(9).
53
Let a(u) = u**2 + 36*u + 260. Calculate a(-10).
0
Let t(v) = 7*v**3 + 35*v**2 - 5*v - 30. Determine t(-5).
-5
Let y(g) = -280*g - 3362. Give y(-12).
-2
Let x(z) = -z**3 + 10*z**2 - 27*z - 24. Calculate x(8).
-112
Let w(k) = 2*k**2 + 76*k + 695. Calculate w(-22).
-9
Let b(o) = o**3 + 7*o**2 - 269*o - 1391. Give b(-5).
4
Let p(m) = 6*m**3 + 124*m**2 - 52*m - 186. What is p(-21)?
24
Let c(i) = -12*i**2 - 293*i - 292. Calculate c(-1).
-11
Let m(j) = -2*j**2 + 27*j + 234. Determine m(15).
189
Let z(l) = -8*l - 75. Calculate z(11).
-163
Let b(t) = 7367*t + 73668. What is b(-10)?
-2
Let k(v) = -104*v - 283. Determine k(-3).
29
Let a(w) = -w**3 - 6*w**2 + 10*w + 9. Give a(2).
-3
Let o(t) = -15*t**2 - 14*t + 90. Calculate o(4).
-206
Let q(u) = -u**3 + 11*u**2 - 39*u + 18. Calculate q(6).
-36
Let m(w) = -w**2 + 47*w + 842. Give m(59).
134
Let r(h) = -h**3 + 10*h**2 + 66*h - 617. What is r(11)?
-12
Let j(z) = z**2 - 41*z - 1761. Give j(-26).
-19
Let n(s) = 87*s - 363. What is n(4)?
-15
Let v(z) = 43*z - 686. Give v(12).
-170
Let n(v) = 28*v + 57. What is n(8)?
281
Let h(x) = -x**2 - 350*x - 25711. What is h(-105)?
14
Let y(v) = -715*v + 701. Determine y(1).
-14
Let t(g) = -2*g - 665. Calculate t(-81).
-503
Let s(j) = 11*j + 167. What is s(-5)?
112
Let z(m) = m**2 + 96*m - 87. Calculate z(-97).
10
Let a(n) = -72*n + 2876. What is a(40)?
-4
Let b(p) = -p**3 - 17*p**2 + 49*p + 207. Determine b(-19).
-2
Let o(x) = x**2 - 147*x - 24694. Calculate o(247).
6
Let l(f) = f**2 + 455*f - 1372. Give l(3).
2
Let d(m) = -m**3 + 38*m**2 + 45*m. Determine d(39).
234
Let z(p) = -4*p**3 + 28*p**2 + p + 18. Determine z(7).
25
Let a(f) = 830*f + 3331. Give a(-4).
11
Let j(k) = -214*k + 1194. What is j(6)?
-90
Let j(y) = 3*y**3 - 7*y**2 - 46*y + 114. What is j(2)?
18
Let c(i) = 128*i + 27. Give c(0).
27
Let a(d) = -137*d - 5710. Calculate a(-42).
44
Let a(y) = 1094*y - 20787. Give a(19).
-1
Let h(c) = -183*c + 108. Give h(1).
-75
Let p(x) = -6*x**2 + 2*x + 90. Calculate p(-10).
-530
Let g(q) = q**2 + 11*q + 18. Give g(-4).
-10
Let y(n) = n**2 - 24*n - 2635. Determine y(65).
30
Let n(c) = 169*c + 961. Determine n(-5).
116
Let q(t) = 145*t**3 + t**2 - 3*t - 3. What is q(-1)?
-144
Let v(r) = 2*r**3 - 31*r**2 + 46*r - 2. What is v(14)?
54
Let s(l) = 14*l**2 - 199*l - 178. Calculate s(15).
-13
Let u(j) = 17*j**2 + 304*j - 746. Calculate u(-20).
-26
Let j(t) = 4*t**2 - 16*t - 54. Give j(7).
30
Let i(k) = k**3 + 38*k**2 - 42*k + 7. Give i(-39).
124
Let w(z) = 2*z**2 + 111*z + 1426. Give w(-36).
22
Let v(f) = f**3 + 11*f**2 + 57*f + 605. Determine v(-11).
-22
Let p(n) = -42*n - 128. Determine p(6).
-380
Let x(j) = 15*j + 464. Calculate x(-30).
14
Let q(l) = 98*l + 8. What is q(0)?
8
Let f(d) = -d**2 + 27*d - 61. Calculate f(23).
31
Let q(r) = 16*r**2 - 12*r - 40. Give q(-3).
140
Let p(o) = 2*o**3 + 6*o**2 + 9*o + 77. What is p(-5)?
-68
Let x(v) = 4*v**3 - 92*v**2 - v + 4. Determine x(23).
-19
Let y(r) = r**3 + 34*r**2 + 38*r + 100. Give y(-33).
-65
Let a(i) = -5*i**2 + 192*i + 2897. Calculate a(50).
-3
Let d(j) = 8*j - 122. Determine d(-30).
-362
Let c(n) = 28*n + 973. Determine c(-33).
49
Let l(q) = -7*q**2 + 227*q - 931. What is l(4)?
-135
Let s(f) = 36*f + 3. Calculate s(4).
147
Let t(f) = -2*f**2 + 158*f + 243. Calculate t(0).
243
Let l(y) = -251*y + 1743. Calculate l(7).
-14
Let k(b) = b**3 + 27*b**2 - 233*b + 176. Determine k(-34).
6
Let f(p) = -p**2 + 9*p - 36. Determine f(6).
-18
Let x(s) = 23*s - 34. Determine x(2).
12
Let b(c) = -c**3 + c**2 + 552*c - 29. Give b(-23).
-29
Let n(i) = 2*i**3 + 78*i**2 + 73*i - 82. Determine n(-38).
32
Let f(d) = -60*d - 29. Determine f(-1).
31
Let l(a) = a**2 - 70*a + 464. What is l(7)?
23
Let u(y) = -2307*y - 20760. Give u(-9).
3
Let z(n) = -n**2 - 155*n - 1273. Calculate z(-9).
41
Let w(c) = c**2 + 53*c - 1854. Give w(24).
-6
Let h(v) = v**2 + 95*v + 571. Give h(-88).
-45
Let m(h) = 22*h + 5. Determine m(-3).
-61
Let m(g) = -34*g - 195. What is m(-17)?
383
Let f(s) = 3*s**2 - 338*s - 1758. Give f(-5).
7
Let n(j) = 35*j - 2481. Give n(70).
-31
Let x(z) = -4*z + 191. Give x(35).
51
Let g(f) = -f**2 + 579. Calculate g(-24).
3
Let m(r) = -r**3 + 42*r**2 + 44*r - 64. Determine m(43).
-21
Let c(q) = q**3 + 31*q**2 + 56*q - 32. Determine c(-29).
26
Let r(j) = 57*j**2 + 853*j - 15. Calculate r(-15).
15
Let l(p) = -2*p**3 + 21*p**2 + p + 70. Determine l(12).
-350
Let b(u) = u - 44. What is b(9)?
-35
Let u(r) = 90*r**2 + 544*r + 8. What is u(-6)?
-16
Let p(z) = -z**3 - 68*z**2 - 528*z + 31. Give p(-59).
-146
Let n(u) = -u**2 - 265*u - 17319. Determine n(-121).
105
Let u(a) = -34*a + 919. What is u(27)?
1
Let l(k) = -63*k + 192. Calculate l(4).
-60
Let s(n) = -n**3 - 2*n**2 + 23*n - 5. Give s(-7).
79
Let a(u) = -u**3 + 122*u**2 + 503*u + 82. Give a(126).
-44
Let r(f) = f**3 - 12*f**2 + 18*f - 19. Determine r(11).
58
Let j(g) = -12*g + 96. Determine j(27).
-228
Let j(y) = -y**3 - 26*y**2 - 59*y + 50. Calculate j(-24).
314
Let c(y) = -16*y - 71. Determine c(-41).
585
Let w(z) = -14*z + 317. Calculate w(20).
37
Let a(d) = 4*d**2 - 668*d - 2021. Give a(-3).
19
Let n(f) = f**2 + 264*f - 5983. Determine n(21).
2
Let u(s) = 6*s**3 + 10*s**2 + 20*s + 11. Calculate u(-1).
-5
Let d(g) = -2*g**3 + 97*g**2 - 56*g + 372. Give d(48).
-12
Let m(u) = -40*u + 1826. Calculate m(48).
-94
Let j(z) = -3*z + 39. Determine j(1).
36
Let r(c) = 2*c**3 - 305*c**2 - 2073*c + 959. Calculate r(159).
5
Let b(g) = -47*g + 1. What is b(0)?
1
Let c(m) = -m**3 - 4*m**2 + 31*m - 18. Calculate c(-9).
108
Let v(s) = -s**2 - 59*s - 551. What is v(-12)?
13
Let o(m) = -5*m**2 + 127*m - 595. Calculate o(5).
-85
Let k(m) = -21*m**2 + 105*m - 5. Determine k